{"id":2417,"date":"2020-04-26T19:18:01","date_gmt":"2020-04-26T19:18:01","guid":{"rendered":"http:\/\/www.mysticburger.com\/como\/?page_id=2417"},"modified":"2022-08-23T12:45:20","modified_gmt":"2022-08-23T10:45:20","slug":"gli-stores","status":"publish","type":"page","link":"https:\/\/www.mysticburger.com\/como\/gli-stores\/","title":{"rendered":"STORES"},"content":{"rendered":"<div class=\"wpb-content-wrapper\"><p>[vc_row][vc_column][vc_column_text css=&#8221;.vc_custom_1661251492255{padding-top: 8% !important;}&#8221;]<\/p>\n<p style=\"text-align: center;\">Prima sede a Como nel 2013, poi nel 2015 a Montorfano (CO) ma Mystic \u00e8 in tutta Italia grazie ai suoi food-truck e beer-taxi.<\/p>\n<p>[\/vc_column_text][\/vc_column][\/vc_row][vc_row full_width=&#8221;stretch_row_content_no_spaces&#8221; gap=&#8221;10&#8243; equal_height=&#8221;yes&#8221;][vc_column width=&#8221;1\/2&#8243; css=&#8221;.vc_custom_1588405511644{padding: 8% !important;}&#8221;][vc_images_carousel images=&#8221;5740,5739,5741,5742&#8243; img_size=&#8221;460&#215;285&#8243;][vc_column_text]<\/p>\n<h1>COMO<\/h1>\n<p>[\/vc_column_text][vc_column_text]<span style=\"font-family: din_con_l; font-size: 14pt; color: #ffffff;\">Via Diaz, 78\/80<\/span>[\/vc_column_text][vc_column_text]<\/p>\n<div>Locale intimo e accogliente situato nel cuore della citt\u00e0 murata, quindi in zona pedonale, all\u2019interno di un antico palazzo.<\/div>\n<div>Arredato con gusto e dotato di cucina a vista, lo store ha all\u2019esterno un ampio dehors in cui i clienti potranno gustare i loro pasti, o sorseggiare un aperitivo, ammirando la bellezza del centro storico.<\/div>\n<div>Il personale cordiale e preparato render\u00e0 ulteriormente piacevole i momenti trascorsi al MYstic di Como.<\/div>\n<p>[\/vc_column_text][\/vc_column][vc_column width=&#8221;1\/2&#8243; css=&#8221;.vc_custom_1588405518639{padding: 8% !important;}&#8221;][vc_images_carousel images=&#8221;5743,5744,5745,5746&#8243; img_size=&#8221;460&#215;285&#8243;][vc_column_text]<\/p>\n<h1>MONTORFANO<\/h1>\n<p>[\/vc_column_text][vc_column_text]<span style=\"font-family: din_con_l; font-size: 14pt; color: #ffffff;\">Strada Statale Briantea 342, 4<\/span>[\/vc_column_text][vc_column_text]<\/p>\n<div>Situato lungo la via Briantea, a ridosso delle Prealpi e del lago di Montorfano, lo store Mystic \u00e8 raggiungibile in pochi minuti da Como, Erba e Cant\u00f9.<\/div>\n<div>Il locale \u00e8 dotato di ampio parcheggio interno e, essendo privo di barriere architettoniche, \u00e8 accessibile anche alle persone con ridotta mobilit\u00e0.<\/div>\n<div>Nello store troverete ad accogliervi, in un ambiente luminoso e curato, personale qualificato pronto a soddisfare le esigenze di tutti, anche dei bambini che sono benvenuti,<\/div>\n<div>Da sempre attento alla qualit\u00e0 dei prodotti offerti, lo store di Montorfano si \u00e8 dotato di un fantascientifico armadio per la frollatura delle carni pi\u00f9 pregiate.<\/div>\n<div>I buongustai pi\u00f9 esigenti potranno cos\u00ec scegliere direttamente e personalmente il taglio di carne con cui sollazzare il loro palato.<\/div>\n<p>[\/vc_column_text][\/vc_column][\/vc_row]<\/p>\n<\/div>","protected":false},"excerpt":{"rendered":"<p>[vc_row][vc_column][vc_column_text css=&#8221;.vc_custom_1661251492255{padding-top: 8% !important;}&#8221;] Prima sede a Como nel 2013, poi nel 2015 a Montorfano (CO) ma Mystic \u00e8 in tutta Italia grazie ai suoi food-truck e beer-taxi. [\/vc_column_text][\/vc_column][\/vc_row][vc_row full_width=&#8221;stretch_row_content_no_spaces&#8221;&hellip;<\/p>\n","protected":false},"author":1,"featured_media":5748,"parent":0,"menu_order":0,"comment_status":"closed","ping_status":"closed","template":"","meta":{"inline_featured_image":false,"footnotes":""},"class_list":["post-2417","page","type-page","status-publish","has-post-thumbnail","hentry"],"yoast_head":"<!-- This site is optimized with the Yoast SEO plugin v27.0 - https:\/\/yoast.com\/product\/yoast-seo-wordpress\/ -->\n<title>STORES - Mystic Como<\/title>\n<meta name=\"robots\" content=\"index, follow, max-snippet:-1, max-image-preview:large, max-video-preview:-1\" \/>\n<link rel=\"canonical\" href=\"https:\/\/www.mysticburger.com\/como\/gli-stores\/\" \/>\n<meta property=\"og:locale\" content=\"it_IT\" \/>\n<meta property=\"og:type\" content=\"article\" \/>\n<meta property=\"og:title\" content=\"STORES - Mystic Como\" \/>\n<meta property=\"og:description\" content=\"[vc_row][vc_column][vc_column_text css=&#8221;.vc_custom_1661251492255{padding-top: 8% !important;}&#8221;] Prima sede a Como nel 2013, poi nel 2015 a Montorfano (CO) ma Mystic \u00e8 in tutta Italia grazie ai suoi food-truck e beer-taxi. [\/vc_column_text][\/vc_column][\/vc_row][vc_row full_width=&#8221;stretch_row_content_no_spaces&#8221;&hellip;\" \/>\n<meta property=\"og:url\" content=\"https:\/\/www.mysticburger.com\/como\/gli-stores\/\" \/>\n<meta property=\"og:site_name\" content=\"Mystic Como\" \/>\n<meta property=\"article:publisher\" content=\"https:\/\/www.facebook.com\/MysticBurgerOfficial\" \/>\n<meta property=\"article:modified_time\" content=\"2022-08-23T10:45:20+00:00\" \/>\n<meta property=\"og:image\" content=\"https:\/\/www.mysticburger.com\/como\/wp-content\/uploads\/sites\/8\/2020\/05\/mystic_interni-0208-copia.jpg\" \/>\n\t<meta property=\"og:image:width\" content=\"2000\" \/>\n\t<meta property=\"og:image:height\" content=\"1335\" \/>\n\t<meta property=\"og:image:type\" content=\"image\/jpeg\" \/>\n<meta name=\"twitter:card\" content=\"summary_large_image\" \/>\n<meta name=\"twitter:label1\" content=\"Tempo di lettura stimato\" \/>\n\t<meta name=\"twitter:data1\" content=\"2 minuti\" \/>\n<script type=\"application\/ld+json\" class=\"yoast-schema-graph\">{\"@context\":\"https:\/\/schema.org\",\"@graph\":[{\"@type\":\"WebPage\",\"@id\":\"https:\/\/www.mysticburger.com\/como\/gli-stores\/\",\"url\":\"https:\/\/www.mysticburger.com\/como\/gli-stores\/\",\"name\":\"STORES - Mystic Como\",\"isPartOf\":{\"@id\":\"https:\/\/www.mysticburger.com\/como\/#website\"},\"primaryImageOfPage\":{\"@id\":\"https:\/\/www.mysticburger.com\/como\/gli-stores\/#primaryimage\"},\"image\":{\"@id\":\"https:\/\/www.mysticburger.com\/como\/gli-stores\/#primaryimage\"},\"thumbnailUrl\":\"https:\/\/www.mysticburger.com\/como\/wp-content\/uploads\/sites\/8\/2020\/05\/mystic_interni-0208-copia.jpg\",\"datePublished\":\"2020-04-26T19:18:01+00:00\",\"dateModified\":\"2022-08-23T10:45:20+00:00\",\"breadcrumb\":{\"@id\":\"https:\/\/www.mysticburger.com\/como\/gli-stores\/#breadcrumb\"},\"inLanguage\":\"it-IT\",\"potentialAction\":[{\"@type\":\"ReadAction\",\"target\":[\"https:\/\/www.mysticburger.com\/como\/gli-stores\/\"]}]},{\"@type\":\"ImageObject\",\"inLanguage\":\"it-IT\",\"@id\":\"https:\/\/www.mysticburger.com\/como\/gli-stores\/#primaryimage\",\"url\":\"https:\/\/www.mysticburger.com\/como\/wp-content\/uploads\/sites\/8\/2020\/05\/mystic_interni-0208-copia.jpg\",\"contentUrl\":\"https:\/\/www.mysticburger.com\/como\/wp-content\/uploads\/sites\/8\/2020\/05\/mystic_interni-0208-copia.jpg\",\"width\":2000,\"height\":1335},{\"@type\":\"BreadcrumbList\",\"@id\":\"https:\/\/www.mysticburger.com\/como\/gli-stores\/#breadcrumb\",\"itemListElement\":[{\"@type\":\"ListItem\",\"position\":1,\"name\":\"Home\",\"item\":\"https:\/\/www.mysticburger.com\/como\/\"},{\"@type\":\"ListItem\",\"position\":2,\"name\":\"STORES\"}]},{\"@type\":\"WebSite\",\"@id\":\"https:\/\/www.mysticburger.com\/como\/#website\",\"url\":\"https:\/\/www.mysticburger.com\/como\/\",\"name\":\"Mystic Burger Como\",\"description\":\"Burger and more\",\"publisher\":{\"@id\":\"https:\/\/www.mysticburger.com\/como\/#organization\"},\"potentialAction\":[{\"@type\":\"SearchAction\",\"target\":{\"@type\":\"EntryPoint\",\"urlTemplate\":\"https:\/\/www.mysticburger.com\/como\/?s={search_term_string}\"},\"query-input\":{\"@type\":\"PropertyValueSpecification\",\"valueRequired\":true,\"valueName\":\"search_term_string\"}}],\"inLanguage\":\"it-IT\"},{\"@type\":\"Organization\",\"@id\":\"https:\/\/www.mysticburger.com\/como\/#organization\",\"name\":\"Mystic Burger Como\",\"url\":\"https:\/\/www.mysticburger.com\/como\/\",\"logo\":{\"@type\":\"ImageObject\",\"inLanguage\":\"it-IT\",\"@id\":\"https:\/\/www.mysticburger.com\/como\/#\/schema\/logo\/image\/\",\"url\":\"https:\/\/www.mysticburger.com\/como\/wp-content\/uploads\/sites\/8\/2020\/04\/mystic_mobile-1.png\",\"contentUrl\":\"https:\/\/www.mysticburger.com\/como\/wp-content\/uploads\/sites\/8\/2020\/04\/mystic_mobile-1.png\",\"width\":460,\"height\":296,\"caption\":\"Mystic Burger Como\"},\"image\":{\"@id\":\"https:\/\/www.mysticburger.com\/como\/#\/schema\/logo\/image\/\"},\"sameAs\":[\"https:\/\/www.facebook.com\/MysticBurgerOfficial\",\"https:\/\/www.instagram.com\/mystic_burger\/\",\"https:\/\/www.youtube.com\/channel\/UCkPG24Ff784aWk4rP-gDu4w\"]}]}<\/script>\n<!-- \/ Yoast SEO plugin. -->","yoast_head_json":{"title":"STORES - Mystic Como","robots":{"index":"index","follow":"follow","max-snippet":"max-snippet:-1","max-image-preview":"max-image-preview:large","max-video-preview":"max-video-preview:-1"},"canonical":"https:\/\/www.mysticburger.com\/como\/gli-stores\/","og_locale":"it_IT","og_type":"article","og_title":"STORES - Mystic Como","og_description":"[vc_row][vc_column][vc_column_text css=&#8221;.vc_custom_1661251492255{padding-top: 8% !important;}&#8221;] Prima sede a Como nel 2013, poi nel 2015 a Montorfano (CO) ma Mystic \u00e8 in tutta Italia grazie ai suoi food-truck e beer-taxi. [\/vc_column_text][\/vc_column][\/vc_row][vc_row full_width=&#8221;stretch_row_content_no_spaces&#8221;&hellip;","og_url":"https:\/\/www.mysticburger.com\/como\/gli-stores\/","og_site_name":"Mystic Como","article_publisher":"https:\/\/www.facebook.com\/MysticBurgerOfficial","article_modified_time":"2022-08-23T10:45:20+00:00","og_image":[{"width":2000,"height":1335,"url":"https:\/\/www.mysticburger.com\/como\/wp-content\/uploads\/sites\/8\/2020\/05\/mystic_interni-0208-copia.jpg","type":"image\/jpeg"}],"twitter_card":"summary_large_image","twitter_misc":{"Tempo di lettura stimato":"2 minuti"},"schema":{"@context":"https:\/\/schema.org","@graph":[{"@type":"WebPage","@id":"https:\/\/www.mysticburger.com\/como\/gli-stores\/","url":"https:\/\/www.mysticburger.com\/como\/gli-stores\/","name":"STORES - Mystic Como","isPartOf":{"@id":"https:\/\/www.mysticburger.com\/como\/#website"},"primaryImageOfPage":{"@id":"https:\/\/www.mysticburger.com\/como\/gli-stores\/#primaryimage"},"image":{"@id":"https:\/\/www.mysticburger.com\/como\/gli-stores\/#primaryimage"},"thumbnailUrl":"https:\/\/www.mysticburger.com\/como\/wp-content\/uploads\/sites\/8\/2020\/05\/mystic_interni-0208-copia.jpg","datePublished":"2020-04-26T19:18:01+00:00","dateModified":"2022-08-23T10:45:20+00:00","breadcrumb":{"@id":"https:\/\/www.mysticburger.com\/como\/gli-stores\/#breadcrumb"},"inLanguage":"it-IT","potentialAction":[{"@type":"ReadAction","target":["https:\/\/www.mysticburger.com\/como\/gli-stores\/"]}]},{"@type":"ImageObject","inLanguage":"it-IT","@id":"https:\/\/www.mysticburger.com\/como\/gli-stores\/#primaryimage","url":"https:\/\/www.mysticburger.com\/como\/wp-content\/uploads\/sites\/8\/2020\/05\/mystic_interni-0208-copia.jpg","contentUrl":"https:\/\/www.mysticburger.com\/como\/wp-content\/uploads\/sites\/8\/2020\/05\/mystic_interni-0208-copia.jpg","width":2000,"height":1335},{"@type":"BreadcrumbList","@id":"https:\/\/www.mysticburger.com\/como\/gli-stores\/#breadcrumb","itemListElement":[{"@type":"ListItem","position":1,"name":"Home","item":"https:\/\/www.mysticburger.com\/como\/"},{"@type":"ListItem","position":2,"name":"STORES"}]},{"@type":"WebSite","@id":"https:\/\/www.mysticburger.com\/como\/#website","url":"https:\/\/www.mysticburger.com\/como\/","name":"Mystic Burger Como","description":"Burger and more","publisher":{"@id":"https:\/\/www.mysticburger.com\/como\/#organization"},"potentialAction":[{"@type":"SearchAction","target":{"@type":"EntryPoint","urlTemplate":"https:\/\/www.mysticburger.com\/como\/?s={search_term_string}"},"query-input":{"@type":"PropertyValueSpecification","valueRequired":true,"valueName":"search_term_string"}}],"inLanguage":"it-IT"},{"@type":"Organization","@id":"https:\/\/www.mysticburger.com\/como\/#organization","name":"Mystic Burger Como","url":"https:\/\/www.mysticburger.com\/como\/","logo":{"@type":"ImageObject","inLanguage":"it-IT","@id":"https:\/\/www.mysticburger.com\/como\/#\/schema\/logo\/image\/","url":"https:\/\/www.mysticburger.com\/como\/wp-content\/uploads\/sites\/8\/2020\/04\/mystic_mobile-1.png","contentUrl":"https:\/\/www.mysticburger.com\/como\/wp-content\/uploads\/sites\/8\/2020\/04\/mystic_mobile-1.png","width":460,"height":296,"caption":"Mystic Burger Como"},"image":{"@id":"https:\/\/www.mysticburger.com\/como\/#\/schema\/logo\/image\/"},"sameAs":["https:\/\/www.facebook.com\/MysticBurgerOfficial","https:\/\/www.instagram.com\/mystic_burger\/","https:\/\/www.youtube.com\/channel\/UCkPG24Ff784aWk4rP-gDu4w"]}]}},"_links":{"self":[{"href":"https:\/\/www.mysticburger.com\/como\/wp-json\/wp\/v2\/pages\/2417","targetHints":{"allow":["GET"]}}],"collection":[{"href":"https:\/\/www.mysticburger.com\/como\/wp-json\/wp\/v2\/pages"}],"about":[{"href":"https:\/\/www.mysticburger.com\/como\/wp-json\/wp\/v2\/types\/page"}],"author":[{"embeddable":true,"href":"https:\/\/www.mysticburger.com\/como\/wp-json\/wp\/v2\/users\/1"}],"replies":[{"embeddable":true,"href":"https:\/\/www.mysticburger.com\/como\/wp-json\/wp\/v2\/comments?post=2417"}],"version-history":[{"count":7,"href":"https:\/\/www.mysticburger.com\/como\/wp-json\/wp\/v2\/pages\/2417\/revisions"}],"predecessor-version":[{"id":16642,"href":"https:\/\/www.mysticburger.com\/como\/wp-json\/wp\/v2\/pages\/2417\/revisions\/16642"}],"wp:featuredmedia":[{"embeddable":true,"href":"https:\/\/www.mysticburger.com\/como\/wp-json\/wp\/v2\/media\/5748"}],"wp:attachment":[{"href":"https:\/\/www.mysticburger.com\/como\/wp-json\/wp\/v2\/media?parent=2417"}],"curies":[{"name":"wp","href":"https:\/\/api.w.org\/{rel}","templated":true}]}}